{"id":4279,"date":"2020-10-20T14:48:02","date_gmt":"2020-10-20T13:48:02","guid":{"rendered":"https:\/\/zyntern.com\/blog?page_id=4279"},"modified":"2020-12-09T13:20:05","modified_gmt":"2020-12-09T12:20:05","slug":"palyakezdokutatas","status":"publish","type":"page","link":"https:\/\/zyntern.com\/blog\/palyakezdokutatas\/","title":{"rendered":"Mi kell nek\u00fcnk a munkaer\u0151piacon?"},"content":{"rendered":"\t\t<div data-elementor-type=\"wp-page\" data-elementor-id=\"4279\" class=\"elementor elementor-4279\" data-elementor-post-type=\"page\">\n\t\t\t\t\t\t<section class=\"elementor-section elementor-top-section elementor-element elementor-element-5d687ce9 elementor-section-content-middle elementor-section-boxed elementor-section-height-default elementor-section-height-default\" data-id=\"5d687ce9\" data-element_type=\"section\" data-settings=\"{&quot;background_background&quot;:&quot;classic&quot;}\">\n\t\t\t\t\t\t\t<div class=\"elementor-background-overlay\"><\/div>\n\t\t\t\t\t\t\t<div class=\"elementor-container elementor-column-gap-no\">\n\t\t\t\t\t<div class=\"elementor-column elementor-col-100 elementor-top-column elementor-element elementor-element-1ebfe1e5\" data-id=\"1ebfe1e5\" data-element_type=\"column\">\n\t\t\t<div class=\"elementor-widget-wrap elementor-element-populated\">\n\t\t\t\t\t\t<div class=\"elementor-element elementor-element-3907fabc elementor-widget elementor-widget-heading\" data-id=\"3907fabc\" data-element_type=\"widget\" data-widget_type=\"heading.default\">\n\t\t\t\t<div class=\"elementor-widget-container\">\n\t\t\t<p class=\"elementor-heading-title elementor-size-default\">Mi kell a p\u00e1lyakezd\u0151knek?<\/p>\t\t<\/div>\n\t\t\t\t<\/div>\n\t\t\t\t<div class=\"elementor-element elementor-element-dfcb0cd elementor-widget-divider--view-line elementor-widget elementor-widget-divider\" data-id=\"dfcb0cd\" data-element_type=\"widget\" data-widget_type=\"divider.default\">\n\t\t\t\t<div class=\"elementor-widget-container\">\n\t\t\t\t\t<div class=\"elementor-divider\">\n\t\t\t<span class=\"elementor-divider-separator\">\n\t\t\t\t\t\t<\/span>\n\t\t<\/div>\n\t\t\t\t<\/div>\n\t\t\t\t<\/div>\n\t\t\t\t<div class=\"elementor-element elementor-element-fc65c86 elementor-widget elementor-widget-text-editor\" data-id=\"fc65c86\" data-element_type=\"widget\" data-widget_type=\"text-editor.default\">\n\t\t\t\t<div class=\"elementor-widget-container\">\n\t\t\t\t\t\t\t<p class=\"vc_custom_heading vc_custom_1581340145996\"><i><b>A Zyntern.com \u00c1ll\u00e1sport\u00e1l orsz\u00e1gos munkaer\u0151piaci kutat\u00e1sa<br \/>2020<\/b><\/i><i style=\"font-size: 20px;\"><b>\u00a0<\/b><\/i><\/p>\t\t\t\t\t\t<\/div>\n\t\t\t\t<\/div>\n\t\t\t\t<div class=\"elementor-element elementor-element-c427321 elementor-view-default elementor-widget elementor-widget-icon\" data-id=\"c427321\" data-element_type=\"widget\" data-widget_type=\"icon.default\">\n\t\t\t\t<div class=\"elementor-widget-container\">\n\t\t\t\t\t<div class=\"elementor-icon-wrapper\">\n\t\t\t<a class=\"elementor-icon\" href=\"https:\/\/zyntern.com\/blogpalyakezdokutatas\/#kutatas\">\n\t\t\t<i aria-hidden=\"true\" class=\"fas fa-arrow-alt-circle-down\"><\/i>\t\t\t<\/a>\n\t\t<\/div>\n\t\t\t\t<\/div>\n\t\t\t\t<\/div>\n\t\t\t\t\t<\/div>\n\t\t<\/div>\n\t\t\t\t\t<\/div>\n\t\t<\/section>\n\t\t\t\t<section class=\"elementor-section elementor-top-section elementor-element elementor-element-1e49f6d elementor-section-boxed elementor-section-height-default elementor-section-height-default\" data-id=\"1e49f6d\" data-element_type=\"section\">\n\t\t\t\t\t\t<div class=\"elementor-container elementor-column-gap-default\">\n\t\t\t\t\t<div class=\"elementor-column elementor-col-100 elementor-top-column elementor-element elementor-element-8765b5c\" data-id=\"8765b5c\" data-element_type=\"column\">\n\t\t\t<div class=\"elementor-widget-wrap elementor-element-populated\">\n\t\t\t\t\t\t<div class=\"elementor-element elementor-element-83f0a87 elementor-widget elementor-widget-menu-anchor\" data-id=\"83f0a87\" data-element_type=\"widget\" data-settings=\"{&quot;motion_fx_motion_fx_scrolling&quot;:&quot;yes&quot;,&quot;motion_fx_devices&quot;:[&quot;desktop&quot;,&quot;tablet&quot;,&quot;mobile&quot;]}\" data-widget_type=\"menu-anchor.default\">\n\t\t\t\t<div class=\"elementor-widget-container\">\n\t\t\t\t\t<div class=\"elementor-menu-anchor\" id=\"kutatas\"><\/div>\n\t\t\t\t<\/div>\n\t\t\t\t<\/div>\n\t\t\t\t<div class=\"elementor-element elementor-element-9b8c34a elementor-widget elementor-widget-heading\" data-id=\"9b8c34a\" data-element_type=\"widget\" data-widget_type=\"heading.default\">\n\t\t\t\t<div class=\"elementor-widget-container\">\n\t\t\t<h1 class=\"elementor-heading-title elementor-size-default\">Ismerd meg a p\u00e1lyakezd\u0151k munkaer\u0151piaci ig\u00e9nyeit!<\/h1>\t\t<\/div>\n\t\t\t\t<\/div>\n\t\t\t\t\t<\/div>\n\t\t<\/div>\n\t\t\t\t\t<\/div>\n\t\t<\/section>\n\t\t\t\t<section class=\"elementor-section elementor-top-section elementor-element elementor-element-706089e elementor-section-boxed elementor-section-height-default elementor-section-height-default\" data-id=\"706089e\" data-element_type=\"section\">\n\t\t\t\t\t\t<div class=\"elementor-container elementor-column-gap-default\">\n\t\t\t\t\t<div class=\"elementor-column elementor-col-50 elementor-top-column elementor-element elementor-element-a4af4a8\" data-id=\"a4af4a8\" data-element_type=\"column\">\n\t\t\t<div class=\"elementor-widget-wrap elementor-element-populated\">\n\t\t\t\t\t\t<div class=\"elementor-element elementor-element-15f896f elementor-widget elementor-widget-heading\" data-id=\"15f896f\" data-element_type=\"widget\" data-widget_type=\"heading.default\">\n\t\t\t\t<div class=\"elementor-widget-container\">\n\t\t\t<h1 class=\"elementor-heading-title elementor-size-default\">Legvonz\u00f3bb munkaad\u00f3k, b\u00e9rig\u00e9nyek, munkahelyv\u00e1laszt\u00e1si szempontok<\/h1>\t\t<\/div>\n\t\t\t\t<\/div>\n\t\t\t\t<div class=\"elementor-element elementor-element-8fd10c2 elementor-widget elementor-widget-text-editor\" data-id=\"8fd10c2\" data-element_type=\"widget\" data-widget_type=\"text-editor.default\">\n\t\t\t\t<div class=\"elementor-widget-container\">\n\t\t\t\t\t\t\t<div><strong>A Zyntern.com \u00c1ll\u00e1sport\u00e1l<\/strong> id\u00e9n m\u00e1sodik alkalommal v\u00e9gzett <strong>orsz\u00e1gos kutat\u00e1st, amelynek f\u00f3kusza a magyar p\u00e1lyakezd\u0151 fiatalok munkaer\u0151piaci preferenci\u00e1inak vizsg\u00e1lata volt.<\/strong> A kutat\u00e1s a 2020 m\u00e1jus\u00e1ban z\u00e1rult \u00e9s t\u00f6bb, mint <strong>3000 fiatal t\u00f6lt\u00f6tte ki a 30 k\u00e9rd\u00e9ses k\u00e9rd\u0151\u00edvet 10 k\u00fcl\u00f6nb\u00f6z\u0151 szakter\u00fcletr\u0151l.<\/strong> A kutat\u00e1s k\u00e9rd\u00e9sei t\u00f6bbek k\u00f6z\u00f6tt kit\u00e9rtek <strong>a fiatalok munkahelyv\u00e1laszt\u00e1si t\u00e9nyez\u0151ire, p\u00e1lyakezd\u0151 fizet\u00e9si ig\u00e9ny\u00fckre, a legvonz\u00f3bb munkaad\u00f3kra \u00e9s a koronav\u00edrus munkaer\u0151 piaci hat\u00e1saira.<\/strong><\/div>\n<div>&nbsp;<\/div>\n<div><strong>T\u00d6LTSD LE A TELJES KUTAT\u00c1S EREDM\u00c9NYEIT \u00d6SSZEFOGLAL\u00d3 RIPORTOT!<\/strong><\/div>\n<div><span style=\"font-size: 16px;\">&nbsp;TELENOFR\u00d3L NEM MINDIG TESZI LEHET\u0150V\u00c9 A LET\u00d6LT\u00c9ST, EZ\u00c9RT JAVASOLJUK, HOGY SZ\u00c1M\u00cdT\u00d3G\u00c9PEN T\u00d6LTSD KI AZ ADATAIDAT.<\/span><\/div>\t\t\t\t\t\t<\/div>\n\t\t\t\t<\/div>\n\t\t\t\t\t<\/div>\n\t\t<\/div>\n\t\t\t\t<div class=\"elementor-column elementor-col-50 elementor-top-column elementor-element elementor-element-45d7e4d7\" data-id=\"45d7e4d7\" data-element_type=\"column\">\n\t\t\t<div class=\"elementor-widget-wrap elementor-element-populated\">\n\t\t\t\t\t\t<div class=\"elementor-element elementor-element-6874baf elementor-widget elementor-widget-shortcode\" data-id=\"6874baf\" data-element_type=\"widget\" data-widget_type=\"shortcode.default\">\n\t\t\t\t<div class=\"elementor-widget-container\">\n\t\t\t\t\t<div class=\"elementor-shortcode\">\n<div class=\"wpcf7 no-js\" id=\"wpcf7-f4282-o1\" lang=\"hu-HU\" dir=\"ltr\">\n<div class=\"screen-reader-response\"><p role=\"status\" aria-live=\"polite\" aria-atomic=\"true\"><\/p> <ul><\/ul><\/div>\n<form action=\"\/blog\/wp-json\/wp\/v2\/pages\/4279#wpcf7-f4282-o1\" method=\"post\" class=\"wpcf7-form init\" aria-label=\"Kapcsolatfelv\u00e9teli \u0171rlap\" novalidate=\"novalidate\" data-status=\"init\">\n<div style=\"display: none;\">\n<input type=\"hidden\" name=\"_wpcf7\" value=\"4282\" \/>\n<input type=\"hidden\" name=\"_wpcf7_version\" value=\"5.7.7\" \/>\n<input type=\"hidden\" name=\"_wpcf7_locale\" value=\"hu_HU\" \/>\n<input type=\"hidden\" name=\"_wpcf7_unit_tag\" value=\"wpcf7-f4282-o1\" \/>\n<input type=\"hidden\" name=\"_wpcf7_container_post\" value=\"0\" \/>\n<input type=\"hidden\" name=\"_wpcf7_posted_data_hash\" value=\"\" \/>\n<\/div>\n<p><label> Hogy h\u00edvnak?<br \/>\n<span class=\"wpcf7-form-control-wrap\" data-name=\"your-name\"><input size=\"40\" class=\"wpcf7-form-control wpcf7-text wpcf7-validates-as-required\" aria-required=\"true\" aria-invalid=\"false\" value=\"\" type=\"text\" name=\"your-name\" \/><\/span> <\/label>\n<\/p>\n<p><label> Melyik c\u00e9g munkat\u00e1rsa vagy?<br \/>\n<span class=\"wpcf7-form-control-wrap\" data-name=\"your-subject\"><input size=\"40\" class=\"wpcf7-form-control wpcf7-text wpcf7-validates-as-required\" aria-required=\"true\" aria-invalid=\"false\" value=\"\" type=\"text\" name=\"your-subject\" \/><\/span> <\/label>\n<\/p>\n<p><label> Milyen poz\u00edci\u00f3ban dolgozol?<br \/>\n<span class=\"wpcf7-form-control-wrap\" data-name=\"your-subject\"><input size=\"40\" class=\"wpcf7-form-control wpcf7-text wpcf7-validates-as-required\" aria-required=\"true\" aria-invalid=\"false\" value=\"\" type=\"text\" name=\"your-subject\" \/><\/span> <\/label>\n<\/p>\n<p><label> Mi az e-mail c\u00edmed?<br \/>\n<span class=\"wpcf7-form-control-wrap\" data-name=\"your-email\"><input size=\"40\" class=\"wpcf7-form-control wpcf7-text wpcf7-email wpcf7-validates-as-required wpcf7-validates-as-email\" aria-required=\"true\" aria-invalid=\"false\" value=\"\" type=\"email\" name=\"your-email\" \/><\/span> <\/label>\n<\/p>\n<p><input class=\"wpcf7-form-control has-spinner wpcf7-submit\" type=\"submit\" value=\"K\u00e9rem a kutat\u00e1si riportot!\" \/>\n<\/p><div class=\"wpcf7-response-output\" aria-hidden=\"true\"><\/div>\n<\/form>\n<\/div>\n<\/div>\n\t\t\t\t<\/div>\n\t\t\t\t<\/div>\n\t\t\t\t\t<\/div>\n\t\t<\/div>\n\t\t\t\t\t<\/div>\n\t\t<\/section>\n\t\t\t\t<section class=\"elementor-section elementor-top-section elementor-element elementor-element-3e6e2e3 elementor-section-boxed elementor-section-height-default elementor-section-height-default\" data-id=\"3e6e2e3\" data-element_type=\"section\">\n\t\t\t\t\t\t<div class=\"elementor-container elementor-column-gap-default\">\n\t\t\t\t\t<div class=\"elementor-column elementor-col-50 elementor-top-column elementor-element elementor-element-2600355\" data-id=\"2600355\" data-element_type=\"column\">\n\t\t\t<div class=\"elementor-widget-wrap elementor-element-populated\">\n\t\t\t\t\t\t<div class=\"elementor-element elementor-element-5bb89a9 elementor-widget elementor-widget-image\" data-id=\"5bb89a9\" data-element_type=\"widget\" data-widget_type=\"image.default\">\n\t\t\t\t<div class=\"elementor-widget-container\">\n\t\t\t\t\t\t\t\t\t\t\t\t\t<img fetchpriority=\"high\" width=\"1600\" height=\"652\" src=\"https:\/\/zyntern.com\/blog\/wp-content\/uploads\/2020\/10\/laptop.png\" class=\"attachment-2048x2048 size-2048x2048 wp-image-4286\" alt=\"\" srcset=\"https:\/\/zyntern.com\/blog\/wp-content\/uploads\/2020\/10\/laptop.png 1600w, https:\/\/zyntern.com\/blog\/wp-content\/uploads\/2020\/10\/laptop-300x122.png 300w, https:\/\/zyntern.com\/blog\/wp-content\/uploads\/2020\/10\/laptop-1024x417.png 1024w, https:\/\/zyntern.com\/blog\/wp-content\/uploads\/2020\/10\/laptop-768x313.png 768w, https:\/\/zyntern.com\/blog\/wp-content\/uploads\/2020\/10\/laptop-1536x626.png 1536w\" sizes=\"(max-width: 1600px) 100vw, 1600px\" \/>\t\t\t\t\t\t\t\t\t\t\t\t\t<\/div>\n\t\t\t\t<\/div>\n\t\t\t\t\t<\/div>\n\t\t<\/div>\n\t\t\t\t<div class=\"elementor-column elementor-col-50 elementor-top-column elementor-element elementor-element-b501d2c\" data-id=\"b501d2c\" data-element_type=\"column\">\n\t\t\t<div class=\"elementor-widget-wrap elementor-element-populated\">\n\t\t\t\t\t\t<div class=\"elementor-element elementor-element-547f25b2 elementor-widget elementor-widget-heading\" data-id=\"547f25b2\" data-element_type=\"widget\" data-widget_type=\"heading.default\">\n\t\t\t\t<div class=\"elementor-widget-container\">\n\t\t\t<h4 class=\"elementor-heading-title elementor-size-default\">Gyakornokokat vagy p\u00e1lyakezd\u0151ket toborozn\u00e1l?<\/h4>\t\t<\/div>\n\t\t\t\t<\/div>\n\t\t\t\t<div class=\"elementor-element elementor-element-4191f333 elementor-widget elementor-widget-heading\" data-id=\"4191f333\" data-element_type=\"widget\" data-widget_type=\"heading.default\">\n\t\t\t\t<div class=\"elementor-widget-container\">\n\t\t\t<h5 class=\"elementor-heading-title elementor-size-default\"><b>Regisztr\u00e1lj<\/b> a Zyntern.com-ra, <b>t\u00f6ltsd ki<\/b> C\u00e9gprofilodat, t\u00f6ltsd fel \u00e1ll\u00e1slehet\u0151s\u00e9geidet \u00e9s indulhat is a toborz\u00e1s!<\/h5>\t\t<\/div>\n\t\t\t\t<\/div>\n\t\t\t\t<div class=\"elementor-element elementor-element-3ce3af3 elementor-align-center elementor-widget elementor-widget-button\" data-id=\"3ce3af3\" data-element_type=\"widget\" data-widget_type=\"button.default\">\n\t\t\t\t<div class=\"elementor-widget-container\">\n\t\t\t\t\t<div class=\"elementor-button-wrapper\">\n\t\t\t<a class=\"elementor-button elementor-button-link elementor-size-sm\" href=\"https:\/\/zyntern.com\/for-companies\">\n\t\t\t\t\t\t<span class=\"elementor-button-content-wrapper\">\n\t\t\t\t\t\t\t\t\t<span class=\"elementor-button-text\">Kattints ide<\/span>\n\t\t\t\t\t<\/span>\n\t\t\t\t\t<\/a>\n\t\t<\/div>\n\t\t\t\t<\/div>\n\t\t\t\t<\/div>\n\t\t\t\t\t<\/div>\n\t\t<\/div>\n\t\t\t\t\t<\/div>\n\t\t<\/section>\n\t\t\t\t<section class=\"elementor-section elementor-top-section elementor-element elementor-element-fcfaca9 elementor-section-boxed elementor-section-height-default elementor-section-height-default\" data-id=\"fcfaca9\" data-element_type=\"section\">\n\t\t\t\t\t\t<div class=\"elementor-container elementor-column-gap-default\">\n\t\t\t\t\t<div class=\"elementor-column elementor-col-100 elementor-top-column elementor-element elementor-element-30a3406\" data-id=\"30a3406\" data-element_type=\"column\">\n\t\t\t<div class=\"elementor-widget-wrap elementor-element-populated\">\n\t\t\t\t\t\t<div class=\"elementor-element elementor-element-ddd3d4d elementor-widget elementor-widget-spacer\" data-id=\"ddd3d4d\" data-element_type=\"widget\" data-widget_type=\"spacer.default\">\n\t\t\t\t<div class=\"elementor-widget-container\">\n\t\t\t\t\t<div class=\"elementor-spacer\">\n\t\t\t<div class=\"elementor-spacer-inner\"><\/div>\n\t\t<\/div>\n\t\t\t\t<\/div>\n\t\t\t\t<\/div>\n\t\t\t\t\t<\/div>\n\t\t<\/div>\n\t\t\t\t\t<\/div>\n\t\t<\/section>\n\t\t\t\t<\/div>\n\t\t","protected":false},"excerpt":{"rendered":"<p>Mi kell a p\u00e1lyakezd\u0151knek? A Zyntern.com \u00c1ll\u00e1sport\u00e1l orsz\u00e1gos munkaer\u0151piaci kutat\u00e1sa2020\u00a0 Ismerd meg a p\u00e1lyakezd\u0151k munkaer\u0151piaci ig\u00e9nyeit! Legvonz\u00f3bb munkaad\u00f3k, b\u00e9rig\u00e9nyek, munkahelyv\u00e1laszt\u00e1si szempontok A Zyntern.com \u00c1ll\u00e1sport\u00e1l id\u00e9n m\u00e1sodik alkalommal v\u00e9gzett orsz\u00e1gos kutat\u00e1st, amelynek f\u00f3kusza a magyar p\u00e1lyakezd\u0151 fiatalok munkaer\u0151piaci preferenci\u00e1inak vizsg\u00e1lata volt. A kutat\u00e1s a 2020 m\u00e1jus\u00e1ban z\u00e1rult \u00e9s t\u00f6bb, mint 3000 fiatal t\u00f6lt\u00f6tte ki a 30 [&hellip;]<\/p>\n","protected":false},"author":4,"featured_media":0,"parent":0,"menu_order":17,"comment_status":"closed","ping_status":"closed","template":"","meta":[],"yoast_head":"<!-- This site is optimized with the Yoast SEO plugin v20.6 - https:\/\/yoast.com\/wordpress\/plugins\/seo\/ -->\n<title>P\u00e1lyakezd\u0151k munkaer\u0151piaci preferenci\u00e1i | Zyntern.com \u00c1ll\u00e1sport\u00e1l<\/title>\n<meta name=\"description\" content=\"A Zyntern.com kutat\u00e1s\u00e1ban a p\u00e1lyakezd\u0151k fizet\u00e9si ig\u00e9ny\u00e9re, legvonz\u00f3bb munkaad\u00f3kra \u00e9s a koronav\u00edrus munkaer\u0151piaci hat\u00e1saira is kit\u00e9rnek.\" \/>\n<meta name=\"robots\" content=\"index, follow, max-snippet:-1, max-image-preview:large, max-video-preview:-1\" \/>\n<link rel=\"canonical\" href=\"https:\/\/zyntern.com\/blog\/palyakezdokutatas\/\" \/>\n<meta property=\"og:locale\" content=\"hu_HU\" \/>\n<meta property=\"og:type\" content=\"article\" \/>\n<meta property=\"og:title\" content=\"P\u00e1lyakezd\u0151k munkaer\u0151piaci preferenci\u00e1i | Zyntern.com \u00c1ll\u00e1sport\u00e1l\" \/>\n<meta property=\"og:description\" content=\"A Zyntern.com kutat\u00e1s\u00e1ban a p\u00e1lyakezd\u0151k fizet\u00e9si ig\u00e9ny\u00e9re, legvonz\u00f3bb munkaad\u00f3kra \u00e9s a koronav\u00edrus munkaer\u0151piaci hat\u00e1saira is kit\u00e9rnek.\" \/>\n<meta property=\"og:url\" content=\"https:\/\/zyntern.com\/blog\/palyakezdokutatas\/\" \/>\n<meta property=\"og:site_name\" content=\"Zyntern.com Blog\" \/>\n<meta property=\"article:publisher\" content=\"https:\/\/www.facebook.com\/zyntern\" \/>\n<meta property=\"article:modified_time\" content=\"2020-12-09T12:20:05+00:00\" \/>\n<meta property=\"og:image\" content=\"https:\/\/zyntern.com\/blogwp-content\/uploads\/2020\/10\/laptop.png\" \/>\n<meta name=\"twitter:card\" content=\"summary_large_image\" \/>\n<meta name=\"twitter:label1\" content=\"Becs\u00fclt olvas\u00e1si id\u0151\" \/>\n\t<meta name=\"twitter:data1\" content=\"1 perc\" \/>\n<script type=\"application\/ld+json\" class=\"yoast-schema-graph\">{\"@context\":\"https:\/\/schema.org\",\"@graph\":[{\"@type\":\"WebPage\",\"@id\":\"https:\/\/zyntern.com\/blog\/palyakezdokutatas\/\",\"url\":\"https:\/\/zyntern.com\/blog\/palyakezdokutatas\/\",\"name\":\"P\u00e1lyakezd\u0151k munkaer\u0151piaci preferenci\u00e1i | Zyntern.com \u00c1ll\u00e1sport\u00e1l\",\"isPartOf\":{\"@id\":\"https:\/\/zyntern.com\/blog\/#website\"},\"datePublished\":\"2020-10-20T13:48:02+00:00\",\"dateModified\":\"2020-12-09T12:20:05+00:00\",\"description\":\"A Zyntern.com kutat\u00e1s\u00e1ban a p\u00e1lyakezd\u0151k fizet\u00e9si ig\u00e9ny\u00e9re, legvonz\u00f3bb munkaad\u00f3kra \u00e9s a koronav\u00edrus munkaer\u0151piaci hat\u00e1saira is kit\u00e9rnek.\",\"breadcrumb\":{\"@id\":\"https:\/\/zyntern.com\/blog\/palyakezdokutatas\/#breadcrumb\"},\"inLanguage\":\"hu\",\"potentialAction\":[{\"@type\":\"ReadAction\",\"target\":[\"https:\/\/zyntern.com\/blog\/palyakezdokutatas\/\"]}]},{\"@type\":\"BreadcrumbList\",\"@id\":\"https:\/\/zyntern.com\/blog\/palyakezdokutatas\/#breadcrumb\",\"itemListElement\":[{\"@type\":\"ListItem\",\"position\":1,\"name\":\"Home\",\"item\":\"https:\/\/zyntern.com\/blog\/\"},{\"@type\":\"ListItem\",\"position\":2,\"name\":\"Mi kell nek\u00fcnk a munkaer\u0151piacon?\"}]},{\"@type\":\"WebSite\",\"@id\":\"https:\/\/zyntern.com\/blog\/#website\",\"url\":\"https:\/\/zyntern.com\/blog\/\",\"name\":\"Zyntern.com Blog\",\"description\":\"Tippek \u00e9s tr\u00fckk\u00f6k az \u00e1ll\u00e1skeres\u00e9sr\u00f3l minden p\u00e1lyakezd\u0151 sz\u00e1m\u00e1ra egyenesen a Zyntern.com szak\u00e9rt\u0151i csapat\u00e1t\u00f3l. K\u00e9sz\u00fclj fel vel\u00fcnk a karrierutadra!\",\"publisher\":{\"@id\":\"https:\/\/zyntern.com\/blog\/#organization\"},\"potentialAction\":[{\"@type\":\"SearchAction\",\"target\":{\"@type\":\"EntryPoint\",\"urlTemplate\":\"https:\/\/zyntern.com\/blog\/?s={search_term_string}\"},\"query-input\":\"required name=search_term_string\"}],\"inLanguage\":\"hu\"},{\"@type\":\"Organization\",\"@id\":\"https:\/\/zyntern.com\/blog\/#organization\",\"name\":\"Zyntern.com\",\"url\":\"https:\/\/zyntern.com\/blog\/\",\"logo\":{\"@type\":\"ImageObject\",\"inLanguage\":\"hu\",\"@id\":\"https:\/\/zyntern.com\/blog\/#\/schema\/logo\/image\/\",\"url\":\"https:\/\/zyntern.com\/blog\/wp-content\/uploads\/2020\/06\/ZY-BLOG-LOGO-U\u0301J-1.png\",\"contentUrl\":\"https:\/\/zyntern.com\/blog\/wp-content\/uploads\/2020\/06\/ZY-BLOG-LOGO-U\u0301J-1.png\",\"width\":1000,\"height\":300,\"caption\":\"Zyntern.com\"},\"image\":{\"@id\":\"https:\/\/zyntern.com\/blog\/#\/schema\/logo\/image\/\"},\"sameAs\":[\"https:\/\/www.facebook.com\/zyntern\",\"https:\/\/www.instagram.com\/z.y.ntern\/\",\"https:\/\/www.linkedin.com\/company\/zyntern\/\",\"https:\/\/www.youtube.com\/channel\/UCIzCOOufS8cD1x4em9BuI2g\"]}]}<\/script>\n<!-- \/ Yoast SEO plugin. -->","yoast_head_json":{"title":"P\u00e1lyakezd\u0151k munkaer\u0151piaci preferenci\u00e1i | Zyntern.com \u00c1ll\u00e1sport\u00e1l","description":"A Zyntern.com kutat\u00e1s\u00e1ban a p\u00e1lyakezd\u0151k fizet\u00e9si ig\u00e9ny\u00e9re, legvonz\u00f3bb munkaad\u00f3kra \u00e9s a koronav\u00edrus munkaer\u0151piaci hat\u00e1saira is kit\u00e9rnek.","robots":{"index":"index","follow":"follow","max-snippet":"max-snippet:-1","max-image-preview":"max-image-preview:large","max-video-preview":"max-video-preview:-1"},"canonical":"https:\/\/zyntern.com\/blog\/palyakezdokutatas\/","og_locale":"hu_HU","og_type":"article","og_title":"P\u00e1lyakezd\u0151k munkaer\u0151piaci preferenci\u00e1i | Zyntern.com \u00c1ll\u00e1sport\u00e1l","og_description":"A Zyntern.com kutat\u00e1s\u00e1ban a p\u00e1lyakezd\u0151k fizet\u00e9si ig\u00e9ny\u00e9re, legvonz\u00f3bb munkaad\u00f3kra \u00e9s a koronav\u00edrus munkaer\u0151piaci hat\u00e1saira is kit\u00e9rnek.","og_url":"https:\/\/zyntern.com\/blog\/palyakezdokutatas\/","og_site_name":"Zyntern.com Blog","article_publisher":"https:\/\/www.facebook.com\/zyntern","article_modified_time":"2020-12-09T12:20:05+00:00","og_image":[{"url":"https:\/\/zyntern.com\/blogwp-content\/uploads\/2020\/10\/laptop.png"}],"twitter_card":"summary_large_image","twitter_misc":{"Becs\u00fclt olvas\u00e1si id\u0151":"1 perc"},"schema":{"@context":"https:\/\/schema.org","@graph":[{"@type":"WebPage","@id":"https:\/\/zyntern.com\/blog\/palyakezdokutatas\/","url":"https:\/\/zyntern.com\/blog\/palyakezdokutatas\/","name":"P\u00e1lyakezd\u0151k munkaer\u0151piaci preferenci\u00e1i | Zyntern.com \u00c1ll\u00e1sport\u00e1l","isPartOf":{"@id":"https:\/\/zyntern.com\/blog\/#website"},"datePublished":"2020-10-20T13:48:02+00:00","dateModified":"2020-12-09T12:20:05+00:00","description":"A Zyntern.com kutat\u00e1s\u00e1ban a p\u00e1lyakezd\u0151k fizet\u00e9si ig\u00e9ny\u00e9re, legvonz\u00f3bb munkaad\u00f3kra \u00e9s a koronav\u00edrus munkaer\u0151piaci hat\u00e1saira is kit\u00e9rnek.","breadcrumb":{"@id":"https:\/\/zyntern.com\/blog\/palyakezdokutatas\/#breadcrumb"},"inLanguage":"hu","potentialAction":[{"@type":"ReadAction","target":["https:\/\/zyntern.com\/blog\/palyakezdokutatas\/"]}]},{"@type":"BreadcrumbList","@id":"https:\/\/zyntern.com\/blog\/palyakezdokutatas\/#breadcrumb","itemListElement":[{"@type":"ListItem","position":1,"name":"Home","item":"https:\/\/zyntern.com\/blog\/"},{"@type":"ListItem","position":2,"name":"Mi kell nek\u00fcnk a munkaer\u0151piacon?"}]},{"@type":"WebSite","@id":"https:\/\/zyntern.com\/blog\/#website","url":"https:\/\/zyntern.com\/blog\/","name":"Zyntern.com Blog","description":"Tippek \u00e9s tr\u00fckk\u00f6k az \u00e1ll\u00e1skeres\u00e9sr\u00f3l minden p\u00e1lyakezd\u0151 sz\u00e1m\u00e1ra egyenesen a Zyntern.com szak\u00e9rt\u0151i csapat\u00e1t\u00f3l. K\u00e9sz\u00fclj fel vel\u00fcnk a karrierutadra!","publisher":{"@id":"https:\/\/zyntern.com\/blog\/#organization"},"potentialAction":[{"@type":"SearchAction","target":{"@type":"EntryPoint","urlTemplate":"https:\/\/zyntern.com\/blog\/?s={search_term_string}"},"query-input":"required name=search_term_string"}],"inLanguage":"hu"},{"@type":"Organization","@id":"https:\/\/zyntern.com\/blog\/#organization","name":"Zyntern.com","url":"https:\/\/zyntern.com\/blog\/","logo":{"@type":"ImageObject","inLanguage":"hu","@id":"https:\/\/zyntern.com\/blog\/#\/schema\/logo\/image\/","url":"https:\/\/zyntern.com\/blog\/wp-content\/uploads\/2020\/06\/ZY-BLOG-LOGO-U\u0301J-1.png","contentUrl":"https:\/\/zyntern.com\/blog\/wp-content\/uploads\/2020\/06\/ZY-BLOG-LOGO-U\u0301J-1.png","width":1000,"height":300,"caption":"Zyntern.com"},"image":{"@id":"https:\/\/zyntern.com\/blog\/#\/schema\/logo\/image\/"},"sameAs":["https:\/\/www.facebook.com\/zyntern","https:\/\/www.instagram.com\/z.y.ntern\/","https:\/\/www.linkedin.com\/company\/zyntern\/","https:\/\/www.youtube.com\/channel\/UCIzCOOufS8cD1x4em9BuI2g"]}]}},"_links":{"self":[{"href":"https:\/\/zyntern.com\/blog\/wp-json\/wp\/v2\/pages\/4279"}],"collection":[{"href":"https:\/\/zyntern.com\/blog\/wp-json\/wp\/v2\/pages"}],"about":[{"href":"https:\/\/zyntern.com\/blog\/wp-json\/wp\/v2\/types\/page"}],"author":[{"embeddable":true,"href":"https:\/\/zyntern.com\/blog\/wp-json\/wp\/v2\/users\/4"}],"replies":[{"embeddable":true,"href":"https:\/\/zyntern.com\/blog\/wp-json\/wp\/v2\/comments?post=4279"}],"version-history":[{"count":63,"href":"https:\/\/zyntern.com\/blog\/wp-json\/wp\/v2\/pages\/4279\/revisions"}],"predecessor-version":[{"id":8598,"href":"https:\/\/zyntern.com\/blog\/wp-json\/wp\/v2\/pages\/4279\/revisions\/8598"}],"wp:attachment":[{"href":"https:\/\/zyntern.com\/blog\/wp-json\/wp\/v2\/media?parent=4279"}],"curies":[{"name":"wp","href":"https:\/\/api.w.org\/{rel}","templated":true}]}}